k = d - 30. Determine p(k).
2
Let f(t) = t**3 - t**2 - 4*t - 4. Suppose -5*r = -3*r - 6. Let q be f(r). Let j(v) = -v**3 + 3*v**2 - 3*v. Determine j(q).
-2
Let k(j) = 4*j**2 + 82*j + 11. Let r(m) = -3*m**2 - 63*m - 8. Let t(l) = 7*k(l) + 9*r(l). Suppose 3*s - 5*s - 2*f = 10, 0 = 3*f. Determine t(s).
-5
Let v(f) = -f**3 - 3. Let z be v(0). Suppose -2*w = 2*w - 4*j, 5*w = -3*j + 24. Let c(p) = 0*p**3 + 3 - 2*p - 3*p**2 - 2*p**w + p**3 - 4. What is c(z)?
5
Let n(y) be the third derivative of y**6/120 + 7*y**5/60 + 5*y**3/6 - 2*y**2. Let x be (-244)/36 + 10/(-45). Calculate n(x).
5
Let m(y) be the third derivative of 3/2*y**3 + 0 + 0*y + 1/60*y**5 - 7/24*y**4 + 3*y**2. Give m(7).
9
Let z(j) = -13*j - 231. Let y(k) = -7*k - 127. Let g(h) = -11*y(h) + 6*z(h). Let d be (-62)/(-8) + (-1)/(-4). Calculate g(d).
3
Let x(y) = 4*y - 6. Let g be ((-774)/8 - (-3)/(-12)) + 1. Let q = -90 - g. Determine x(q).
18
Let f(y) be the third derivative of -y**5/60 + 5*y**3/6 + 37*y**2 - 2*y. Give f(-3).
-4
Let a(v) = -9*v**3 + 3*v**2 - 2*v + 9 - 7 + 8*v**3. Calculate a(4).
-22
Let z(b) = -b + 7. Let t(y) = y**2 + 21. Let k be t(0). Suppose -2*o + 2*w = w - 5, -3*o - 3*w = -k. What is z(o)?
3
Let k(n) be the first derivative of n**3/3 + 4*n**2 + 9*n + 18. Calculate k(-6).
-3
Let o(z) be the first derivative of -2*z**2 + z + 7. Let x be o(-1). Let d(k) = -4*k + 2. What is d(x)?
-18
Suppose -11*z + 16 - 49 = 0. Let n be ((-30)/(-9))/((-1)/z). Let r(a) = a**3 - 11*a**2 + 11*a - 1. Determine r(n).
9
Let f(c) = -9*c - 65*c**2 + 130*c**2 - 66*c**2. Determine f(-8).
8
Suppose 0 = -0*p + 3*p. Suppose p = 2*w + 1 - 7. Let n(o) be the second derivative of o**5/20 - 5*o**4/12 + 2*o**3/3 + o**2/2 - 5*o. Calculate n(w).
-5
Let k(h) = 11*h**2 - h + 3. Let f(u) = 8*u**2 - u + 2. Let x(v) = 4*f(v) - 3*k(v). Give x(4).
-21
Let y be -1 + -5 + (0 - 0). Let w(s) = -25*s**3 + 7*s**2 + 135*s + 6 - 130*s + 26*s**3. Determine w(y).
12
Let j(d) = -4*d - 5*d - d**2 + 4*d - 5. Let t(r) = 2*r + 13. Let c = -4 - 5. Let w be t(c). Determine j(w).
-5
Let f be 1/(4/12) + -1. Let l(h) be the first derivative of 0*h - 5*h**2 + 2*h + 4*h**f - 9 + h. Calculate l(3).
-3
Suppose 4*b - 16 = 4*s, -4*b = -41*s + 38*s - 11. Let y(u) = 7*u**2 - u. Determine y(b).
8
Let h(j) = -j**3 + 7*j + 21*j**2 + 5*j - 16*j**2 - 3 + 0*j**3 - 15*j. Give h(3).
6
Let f(u) = 4 - 61*u**2 - 1 + 0 + 3*u + 60*u**2. Let m(l) = l**2 - 10*l - 18. Let a be m(12). Calculate f(a).
-15
Let j(o) = -o**3 - 39*o**2 - 3*o - 118. Let c be j(-39). Let t(h) = 53*h - 1. Determine t(c).
-54
Suppose 4*w + 4*r - 8 = 0, 2 = 2*w + 5*r + 4. Let l(x) = -x**2 - 2*x + 5. Calculate l(w).
-19
Let w(r) = 13*r + 6 - 6*r - 8 + 12. Let z(q) = 6*q + 9. Let t(n) = -5*w(n) + 6*z(n). Calculate t(-8).
-4
Let g(i) = -i**2 + 14*i - 13. Let x be g(13). Let y(m) = 0*m**2 - m**2 - 5 + 4*m**3 + x*m**2 - 3*m**3. Let n be 1 - (-2)/(0 + -2). Determine y(n).
-5
Let u(s) = s**3 - s + 1. Let k = 92 - 124. Let m = -34 - k. Give u(m).
-5
Let r(p) = 32*p - 1. Let c(u) = -28*u + 1. Let s(q) = -5*c(q) - 4*r(q). Calculate s(4).
47
Suppose -2*z + 0*u - 4 = -4*u, -4*z + 2 = 2*u. Let w(q) be the second derivative of q**3/6 - 15*q**2/2 + 60*q. Give w(z).
-15
Let i(h) = -2*h + 10. Let p(b) = b**2 - 13*b + 4. Let s be p(13). Let w be i(s). Let j(c) = c**3 - 3*c**2 + w + 2*c**2 - c**2 - 4*c. Give j(3).
-1
Let p(r) = -r + 3. Let u be p(0). Let l(h) be the third derivative of -1/3*h**u + 1/60*h**5 + h**2 + 0*h + 0 - 5/24*h**4. Give l(5).
-2
Let n(y) = 4*y + 15. Let b be n(-3). Let a(q) = -4*q + 6. What is a(b)?
-6
Let m = 19 + -27. Let y be (-52)/m + (-1)/2. Let s(z) = -z + 1. Let o(x) = -5*x + 8. Let f(l) = y*s(l) - o(l). What is f(-3)?
1
Let u(j) be the second derivative of -1/4*j**4 - 1/6*j**3 - 3/2*j**2 - 13*j + 1/20*j**5 + 0. Give u(3).
-6
Let r(o) = 10*o + 29. Let m be r(-4). Let i(d) = -d - 8. Give i(m).
3
Let a = -493 + 488. Let x(f) = -3*f**2 + 10*f + 12. Let w(s) = -4*s**2 + 15*s + 18. Let v(i) = 5*w(i) - 7*x(i). Calculate v(a).
6
Let f(s) = -2*s**3 + 4*s**2 - 7*s + 8. Let w(v) = 2*v**3 - 3*v**2 + 6*v - 7. Let j(z) = 5*f(z) + 6*w(z). Let n = 14160 - 14162. Determine j(n).
-12
Suppose -5*c + k = -32, 34 = 4*c - 0*c + 2*k. Suppose -5*x + 2*x - 12 = 0. Let n = c + x. Let u(j) = j**2 - j - 1. Determine u(n).
5
Let o(z) = z**3 + 5*z**2 - 4*z + 2. Let p = 29 - -1. Let r(t) = t + 15. Let d be r(-9). Suppose h = d*h + p. Calculate o(h).
-10
Let p(h) be the first derivative of -11 + h - 1/3*h**3 + 1/2*h**2. What is p(2)?
-1
Let d be 1/(0 - (-3)/9). Let x(v) be the first derivative of -1/4*v**4 - 2*v + 0*v**2 - 6 + 4/3*v**3. What is x(d)?
7
Let g(m) = 2*m**2 - 2*m + 1. Suppose 2*l - 5*q = 22, 3*l = 7*l + q - 66. Let k = -84 + 101. Let j = k - l. Determine g(j).
1
Let q(c) = -2*c**3 - 7*c**2 - 7*c + 2. Let b(a) = -a**3 - a**2. Let g be (10/30)/(2/6). Let u(h) = g*q(h) - 3*b(h). What is u(5)?
-8
Let w(f) = -f + 7. Suppose -5*u + 4*r - 39 = 0, -17*u + 13*u - 4*r = 24. What is w(u)?
14
Let k = -88 + 132. Suppose -5*c = 4*b - 88, k = 2*c + 4*b + 4. Let s = c + -21. Let v(z) = -2*z**2 - 6*z - 2. Give v(s).
-22
Let h(b) = 2*b**2 + 4*b**2 - 3*b - 1 - 7*b**2. Suppose 5*z + 3*f + 24 = -0*f, -9 = 3*f. Give h(z).
-1
Let n be 2*-1 + (-1 - 1). Let t = -38 + 38. Let u(d) = 0 + t - 3*d - 2 + d. Determine u(n).
6
Let r(h) = -h**2 + 20*h + 37. Let d(v) = 3*v**2 - 61*v - 113. Let m(t) = 2*d(t) + 7*r(t). Determine m(19).
14
Let g = 41 - 43. Let q(y) = -2 + 2 + 2 + 3*y**2 + 1 + 2*y. What is q(g)?
11
Let w(b) = 2*b**2 - 3*b. Let q be w(-2). Suppose -12*r = -q*r - 10. Let n(s) = -s. Give n(r).
5
Let h(f) = f + 21. Let n be h(-16). Let m be (-6)/(-3) + 1*(0 - n). Let q(j) = 2*j + 5. Let x(a) = a + 3. Let k(y) = 5*q(y) - 7*x(y). Give k(m).
-5
Let v(p) = -2*p - 5. Let f be v(-4). Let s(j) be the second derivative of 1/4*j**4 - 2*j - 1/20*j**5 + 0 + 0*j**2 + 1/3*j**3. What is s(f)?
6
Let l(n) be the first derivative of n**4/4 + n**3 - 2*n**2 - 4*n + 142. Let h = -24 + 20. What is l(h)?
-4
Let b(j) = -j**2 + 8*j - 5. Let p(r) = -3*r**2 + 24*r - 14. Let f(m) = 7*b(m) - 2*p(m). Let t(c) = -77*c + 1623. Let v be t(21). Give f(v).
5
Let u(k) = -3*k. Let b be 2/(-2 + (-15)/(-6)). Suppose -4 = -b*a + 5*a. Let s(g) = -g**2 - 3*g + 6. Let t be s(a). Calculate u(t).
-6
Let q(c) be the second derivative of 2*c - 7/12*c**4 + 0 + 0*c**3 + 0*c**2. Give q(-1).
-7
Let i(q) = -q**3 + 6*q**2 - q + 7. Suppose 0*y - 26 = 2*y. Let g = 19 + y. Give i(g).
1
Let b(c) = -c - 7. Let p be (2/3)/((-2)/21). Let j be b(p). Let a(y) = -y**3 - y - 14. What is a(j)?
-14
Let k(o) = 2*o + 3. Suppose 3*g - 9 = 2*z - 1, g + 2 = -4*z. Let b be ((-7)/14)/(g/24). Calculate k(b).
-9
Suppose 5*d = -11 - 4. Let q(w) = -85*w**2 + w**3 - 86*w**2 + 175*w**2 + 2 + 3*w. Give q(d).
2
Let l = -35 - -38. Let v(c) be the third derivative of -2/3*c**l + 0 - 1/12*c**4 + 0*c + 5*c**2. What is v(-3)?
2
Let v(p) = -6*p - 455*p**2 + 1 + 454*p**2 + 10. Calculate v(-6).
11
Let l(y) = 2*y**2 - 14*y - 4. Suppose 0 = 3*o - 4*o + 7. Calculate l(o).
-4
Let z(m) = -m**2 + 7*m - 8. Let y = 19 + -18. Suppose -2*i - 7 = -g - 0, -3*g - y = 5*i. Suppose 22 = 4*p + 2*b, -11 = g*p + 4*b - 25. Give z(p).
-2
Let z = 14 + -12. Suppose -3*n + z*r = -12, 4*n + r - 3*r = 14. Let a(q) = -q**2 + 5 + n*q**2 + 8*q - 2*q**2 - 2*q. What is a(6)?
5
Let c(y) = -5*y**3 + 15*y**2 + y - 9. Let o(l) = -9*l**3 + 28*l**2 + 2*l - 16. Let j(a) = 7*c(a) - 4*o(a). What is j(7)?
-6
Let t be 0/((-16)/(-4) - 6). Let k(n) = n**3 - n**2 + n - 18. Give k(t).
-18
Let h(p) be the third derivative of 1/6*p**3 - 1/30*p**5 + 0 + 21*p**2 - 1/24*p**4 - 1/120*p**6 + 0*p. What is h(-3)?
13
Let u(p) = -p. Let w(c) = -4*c + 7. Let d(q) = -3*u(q) + w(q). Let l(z) be the first derivative of -11*z**2/2 - 71*z + 2. Let f be l(-7). Determine d(f).
1
Let y(g) = -g**2 - 2*g - 2. Let o(x) = 2*x + 26. Let f be o(0). Suppose f*l = 24*l - 6. Give y(l).
-5
Let j(b) = 0 - 2*b + b**2 - 3 - 2*b**2 + 1. Let z = -23 - -10. Let c = 11 + z. Calculate j(c).
-2
Suppose 5*b + 47 = 3*y - 0*b, 53 = 4*y + 3*b. Let h be 8/14 - (-6)/y. Let z(s) be the third derivative of -3*s**4/8 - s**2. Calculate z(h).
-9
Let f = 20 + 40. Suppose -3*i = 12*i + f. Let k(u) = -5*u - 1. What is k(i)?
19
Let o(s) = 235*s - 946*s + 234*s + 243*s - 1 + 238*s. Suppose 0 = 5*